[INFO] fetching crate crossterm 0.17.7...
[INFO] checking crossterm-0.17.7 against master#af3c6e733a40e671550e0f0f5aeecaa13772ba56 for pr-74989
[INFO] extracting crate crossterm 0.17.7 into /workspace/builds/worker-5/source
[INFO] validating manifest of crates.io crate crossterm 0.17.7 on toolchain af3c6e733a40e671550e0f0f5aeecaa13772ba56
[INFO] running `Command { std: "/workspace/cargo-home/bin/cargo" "+af3c6e733a40e671550e0f0f5aeecaa13772ba56" "read-manifest" "--manifest-path" "Cargo.toml", kill_on_drop: false }`
[INFO] started tweaking crates.io crate crossterm 0.17.7
[INFO] finished tweaking crates.io crate crossterm 0.17.7
[INFO] tweaked toml for crates.io crate crossterm 0.17.7 written to /workspace/builds/worker-5/source/Cargo.toml
[INFO] crate crates.io crate crossterm 0.17.7 already has a lockfile, it will not be regenerated
[INFO] running `Command { std: "/workspace/cargo-home/bin/cargo" "+af3c6e733a40e671550e0f0f5aeecaa13772ba56" "fetch" "--locked" "--manifest-path" "Cargo.toml", kill_on_drop: false }`
[INFO] running `Command { std: "docker" "create" "-v" "/var/lib/crater-agent-workspace/builds/worker-5/target:/opt/rustwide/target:rw,Z" "-v" "/var/lib/crater-agent-workspace/builds/worker-5/source:/opt/rustwide/workdir:ro,Z" "-v" "/var/lib/crater-agent-workspace/cargo-home:/opt/rustwide/cargo-home:ro,Z" "-v" "/var/lib/crater-agent-workspace/rustup-home:/opt/rustwide/rustup-home:ro,Z" "-e" "SOURCE_DIR=/opt/rustwide/workdir" "-e" "CARGO_TARGET_DIR=/opt/rustwide/target" "-e" "CARGO_HOME=/opt/rustwide/cargo-home" "-e" "RUSTUP_HOME=/opt/rustwide/rustup-home" "-w" "/opt/rustwide/workdir" "-m" "1610612736" "--user" "0:0" "--network" "none" "rustops/crates-build-env@sha256:d92eaeed33fa75130ca1ee6c8a01d1ffb62bac859dfdfb3450e3e5d1c0146529" "/opt/rustwide/cargo-home/bin/cargo" "+af3c6e733a40e671550e0f0f5aeecaa13772ba56" "metadata" "--no-deps" "--format-version=1", kill_on_drop: false }`
[INFO] [stdout] 2e6ff7e0a403674cecbbe3f32f61d6341eb9afd45cb8877ad0fbcd4be75bd9d0
[INFO] [stderr] WARNING: Your kernel does not support swap limit capabilities or the cgroup is not mounted. Memory limited without swap.
[INFO] running `Command { std: "docker" "start" "-a" "2e6ff7e0a403674cecbbe3f32f61d6341eb9afd45cb8877ad0fbcd4be75bd9d0", kill_on_drop: false }`
[INFO] running `Command { std: "docker" "inspect" "2e6ff7e0a403674cecbbe3f32f61d6341eb9afd45cb8877ad0fbcd4be75bd9d0", kill_on_drop: false }`
[INFO] running `Command { std: "docker" "rm" "-f" "2e6ff7e0a403674cecbbe3f32f61d6341eb9afd45cb8877ad0fbcd4be75bd9d0", kill_on_drop: false }`
[INFO] [stdout] 2e6ff7e0a403674cecbbe3f32f61d6341eb9afd45cb8877ad0fbcd4be75bd9d0
[INFO] running `Command { std: "docker" "create" "-v" "/var/lib/crater-agent-workspace/builds/worker-5/target:/opt/rustwide/target:rw,Z" "-v" "/var/lib/crater-agent-workspace/builds/worker-5/source:/opt/rustwide/workdir:ro,Z" "-v" "/var/lib/crater-agent-workspace/cargo-home:/opt/rustwide/cargo-home:ro,Z" "-v" "/var/lib/crater-agent-workspace/rustup-home:/opt/rustwide/rustup-home:ro,Z" "-e" "SOURCE_DIR=/opt/rustwide/workdir" "-e" "CARGO_TARGET_DIR=/opt/rustwide/target" "-e" "CARGO_INCREMENTAL=0" "-e" "RUST_BACKTRACE=full" "-e" "RUSTFLAGS=--cap-lints=forbid" "-e" "CARGO_HOME=/opt/rustwide/cargo-home" "-e" "RUSTUP_HOME=/opt/rustwide/rustup-home" "-w" "/opt/rustwide/workdir" "-m" "1610612736" "--user" "0:0" "--network" "none" "rustops/crates-build-env@sha256:d92eaeed33fa75130ca1ee6c8a01d1ffb62bac859dfdfb3450e3e5d1c0146529" "/opt/rustwide/cargo-home/bin/cargo" "+af3c6e733a40e671550e0f0f5aeecaa13772ba56" "check" "--frozen" "--all" "--all-targets" "--message-format=json", kill_on_drop: false }`
[INFO] [stdout] 2ce26f2d16f5c1e33389eac58dc96f71b47d4b3e96e7021db67930cf9c4da6e8
[INFO] [stderr] WARNING: Your kernel does not support swap limit capabilities or the cgroup is not mounted. Memory limited without swap.
[INFO] running `Command { std: "docker" "start" "-a" "2ce26f2d16f5c1e33389eac58dc96f71b47d4b3e96e7021db67930cf9c4da6e8", kill_on_drop: false }`
[INFO] [stderr]     Checking cfg-if v0.1.10
[INFO] [stderr]    Compiling proc-macro2 v1.0.8
[INFO] [stderr]    Compiling unicode-xid v0.2.0
[INFO] [stderr]    Compiling log v0.4.8
[INFO] [stderr]    Compiling memchr v2.2.1
[INFO] [stderr]     Checking slab v0.4.2
[INFO] [stderr]     Checking futures-core v0.3.1
[INFO] [stderr]     Checking scopeguard v1.0.0
[INFO] [stderr]    Compiling proc-macro-nested v0.1.3
[INFO] [stderr]     Checking futures-io v0.3.1
[INFO] [stderr]     Checking futures-sink v0.3.1
[INFO] [stderr]     Checking pin-utils v0.1.0-alpha.4
[INFO] [stderr]     Checking arc-swap v0.4.3
[INFO] [stderr]     Checking futures-task v0.3.1
[INFO] [stderr]    Compiling bitflags v1.2.1
[INFO] [stderr]     Checking smallvec v1.4.0
[INFO] [stderr]     Checking pin-project-lite v0.1.1
[INFO] [stderr]     Checking fnv v1.0.6
[INFO] [stderr]     Checking futures-timer v2.0.2
[INFO] [stderr]     Checking once_cell v1.2.0
[INFO] [stderr]     Checking bytes v0.5.1
[INFO] [stderr]     Checking futures-timer v3.0.2
[INFO] [stderr]    Compiling crossbeam-utils v0.7.0
[INFO] [stderr]    Compiling crossbeam-epoch v0.8.0
[INFO] [stderr]     Checking crossbeam-utils v0.6.6
[INFO] [stderr]     Checking futures-channel v0.3.1
[INFO] [stderr]     Checking lock_api v0.3.4
[INFO] [stderr]     Checking iovec v0.1.4
[INFO] [stderr]     Checking net2 v0.2.33
[INFO] [stderr]     Checking num_cpus v1.11.1
[INFO] [stderr]    Compiling memoffset v0.5.3
[INFO] [stderr]     Checking signal-hook-registry v1.2.0
[INFO] [stderr]     Checking parking_lot_core v0.7.2
[INFO] [stderr]     Checking async-task v1.0.0
[INFO] [stderr]     Checking mio v0.6.21
[INFO] [stderr]     Checking mio v0.7.0
[INFO] [stderr]     Checking kv-log-macro v1.0.4
[INFO] [stderr]     Checking parking_lot v0.10.2
[INFO] [stderr]     Checking crossbeam-channel v0.4.0
[INFO] [stderr]     Checking signal-hook v0.1.15
[INFO] [stderr]     Checking crossterm v0.17.7 (/opt/rustwide/workdir)
[INFO] [stderr]    Compiling quote v1.0.2
[INFO] [stderr]     Checking crossbeam-deque v0.7.2
[INFO] [stderr]    Compiling syn v1.0.5
[INFO] [stderr]     Checking mio-uds v0.6.7
[INFO] [stderr]     Checking async-std v1.4.0
[INFO] [stderr]    Compiling proc-macro-hack v0.5.11
[INFO] [stderr]    Compiling tokio-macros v0.2.5
[INFO] [stderr]     Checking tokio v0.2.11
[INFO] [stderr]    Compiling futures-macro v0.3.1
[INFO] [stderr]     Checking futures-util v0.3.1
[INFO] [stderr]     Checking futures-executor v0.3.1
[INFO] [stderr]     Checking futures v0.3.1
[INFO] [stdout] error[E0433]: failed to resolve: use of undeclared type or module `futures_util`
[INFO] [stdout]   --> examples/event-stream-async-std.rs:11:5
[INFO] [stdout]    |
[INFO] [stdout] 11 | use futures_util::{future::FutureExt, select, StreamExt};
[INFO] [stdout]    |     ^^^^^^^^^^^^ use of undeclared type or module `futures_util`
[INFO] [stdout] 
[INFO] [stdout] 
[INFO] [stdout] error[E0433]: failed to resolve: use of undeclared type or module `futures_util`
[INFO] [stdout]   --> examples/event-stream-tokio.rs:11:5
[INFO] [stdout]    |
[INFO] [stdout] 11 | use futures_util::{future::FutureExt, select, StreamExt};
[INFO] [stdout]    |     ^^^^^^^^^^^^ use of undeclared type or module `futures_util`
[INFO] [stdout] 
[INFO] [stdout] 
[INFO] [stdout] error[E0432]: unresolved import `futures_util`
[INFO] [stdout]   --> examples/event-stream-async-std.rs:11:5
[INFO] [stdout]    |
[INFO] [stdout] 11 | use futures_util::{future::FutureExt, select, StreamExt};
[INFO] [stdout]    |     ^^^^^^^^^^^^ use of undeclared type or module `futures_util`
[INFO] [stdout] 
[INFO] [stdout] 
[INFO] [stdout] error[E0432]: unresolved import `crossterm::event::EventStream`
[INFO] [stdout]   --> examples/event-stream-async-std.rs:15:61
[INFO] [stdout]    |
[INFO] [stdout] 15 |     event::{DisableMouseCapture, EnableMouseCapture, Event, EventStream, KeyCode},
[INFO] [stdout]    |                                                             ^^^^^^^^^^^ no `EventStream` in `event`
[INFO] [stdout] 
[INFO] [stdout] 
[INFO] [stdout] error: cannot determine resolution for the macro `select`
[INFO] [stdout]   --> examples/event-stream-async-std.rs:35:9
[INFO] [stdout]    |
[INFO] [stdout] 35 |         select! {
[INFO] [stdout]    |         ^^^^^^
[INFO] [stdout]    |
[INFO] [stdout]    = note: import resolution is stuck, try simplifying macro imports
[INFO] [stdout] 
[INFO] [stdout] 
[INFO] [stdout] warning: unused imports: `Event`, `KeyCode`, `cursor::position`
[INFO] [stdout]   --> examples/event-stream-async-std.rs:14:5
[INFO] [stdout]    |
[INFO] [stdout] 14 |     cursor::position,
[INFO] [stdout]    |     ^^^^^^^^^^^^^^^^
[INFO] [stdout] 15 |     event::{DisableMouseCapture, EnableMouseCapture, Event, EventStream, KeyCode},
[INFO] [stdout]    |                                                      ^^^^^               ^^^^^^^
[INFO] [stdout]    |
[INFO] [stdout]    = note: `#[warn(unused_imports)]` on by default
[INFO] [stdout] 
[INFO] [stdout] 
[INFO] [stdout] error[E0432]: unresolved import `crossterm::event::EventStream`
[INFO] [stdout]   --> examples/event-stream-tokio.rs:15:61
[INFO] [stdout]    |
[INFO] [stdout] 15 |     event::{DisableMouseCapture, EnableMouseCapture, Event, EventStream, KeyCode},
[INFO] [stdout]    |                                                             ^^^^^^^^^^^ no `EventStream` in `event`
[INFO] [stdout] 
[INFO] [stdout] 
[INFO] [stdout] error[E0432]: unresolved import `futures_util`
[INFO] [stdout]   --> examples/event-stream-tokio.rs:11:5
[INFO] [stdout]    |
[INFO] [stdout] 11 | use futures_util::{future::FutureExt, select, StreamExt};
[INFO] [stdout]    |     ^^^^^^^^^^^^ use of undeclared type or module `futures_util`
[INFO] [stdout] 
[INFO] [stdout] 
[INFO] [stdout] error: cannot determine resolution for the macro `select`
[INFO] [stdout]   --> examples/event-stream-tokio.rs:35:9
[INFO] [stdout]    |
[INFO] [stdout] 35 |         select! {
[INFO] [stdout]    |         ^^^^^^
[INFO] [stdout]    |
[INFO] [stdout]    = note: import resolution is stuck, try simplifying macro imports
[INFO] [stdout] 
[INFO] [stdout] 
[INFO] [stdout] warning: unused imports: `Event`, `KeyCode`, `cursor::position`
[INFO] [stdout]   --> examples/event-stream-tokio.rs:14:5
[INFO] [stdout]    |
[INFO] [stdout] 14 |     cursor::position,
[INFO] [stdout]    |     ^^^^^^^^^^^^^^^^
[INFO] [stdout] 15 |     event::{DisableMouseCapture, EnableMouseCapture, Event, EventStream, KeyCode},
[INFO] [stdout]    |                                                      ^^^^^               ^^^^^^^
[INFO] [stdout]    |
[INFO] [stdout]    = note: `#[warn(unused_imports)]` on by default
[INFO] [stdout] 
[INFO] [stdout] 
[INFO] [stdout] error[E0599]: no method named `fuse` found for struct `Delay` in the current scope
[INFO] [stdout]    --> examples/event-stream-async-std.rs:32:66
[INFO] [stdout]     |
[INFO] [stdout] 32  |         let mut delay = Delay::new(Duration::from_millis(1_000)).fuse();
[INFO] [stdout]     |                                                                  ^^^^ method not found in `Delay`
[INFO] [stdout]     | 
[INFO] [stdout]    ::: /opt/rustwide/cargo-home/registry/src/github.com-1ecc6299db9ec823/futures-timer-3.0.2/src/native/delay.rs:26:1
[INFO] [stdout]     |
[INFO] [stdout] 26  | pub struct Delay {
[INFO] [stdout]     | ---------------- doesn't satisfy `Delay: Iterator`
[INFO] [stdout]     | 
[INFO] [stdout]    ::: /opt/rustwide/cargo-home/registry/src/github.com-1ecc6299db9ec823/futures-util-0.3.1/src/future/future/mod.rs:317:8
[INFO] [stdout]     |
[INFO] [stdout] 317 |     fn fuse(self) -> Fuse<Self>
[INFO] [stdout]     |        ---- the method is available for `Box<Delay>` here
[INFO] [stdout]     |
[INFO] [stdout]     = note: the method `fuse` exists but the following trait bounds were not satisfied:
[INFO] [stdout]             `Delay: Iterator`
[INFO] [stdout]             which is required by `&mut Delay: Iterator`
[INFO] [stdout]     = help: items from traits can only be used if the trait is in scope
[INFO] [stdout] help: the following trait is implemented but not in scope; perhaps add a `use` for it:
[INFO] [stdout]     |
[INFO] [stdout] 5   | use futures::FutureExt;
[INFO] [stdout]     |
[INFO] [stdout] 
[INFO] [stdout] 
[INFO] [stdout] error[E0599]: no method named `fuse` found for struct `futures_timer::Delay` in the current scope
[INFO] [stdout]    --> examples/event-stream-tokio.rs:32:66
[INFO] [stdout]     |
[INFO] [stdout] 32  |         let mut delay = Delay::new(Duration::from_millis(1_000)).fuse();
[INFO] [stdout]     |                                                                  ^^^^ method not found in `futures_timer::Delay`
[INFO] [stdout]     | 
[INFO] [stdout]    ::: /opt/rustwide/cargo-home/registry/src/github.com-1ecc6299db9ec823/futures-timer-3.0.2/src/native/delay.rs:26:1
[INFO] [stdout]     |
[INFO] [stdout] 26  | pub struct Delay {
[INFO] [stdout]     | ---------------- doesn't satisfy `futures_timer::Delay: Iterator`
[INFO] [stdout]     | 
[INFO] [stdout]    ::: /opt/rustwide/cargo-home/registry/src/github.com-1ecc6299db9ec823/futures-util-0.3.1/src/future/future/mod.rs:317:8
[INFO] [stdout]     |
[INFO] [stdout] 317 |     fn fuse(self) -> Fuse<Self>
[INFO] [stdout]     |        ---- the method is available for `Box<futures_timer::Delay>` here
[INFO] [stdout]     |
[INFO] [stdout]     = note: the method `fuse` exists but the following trait bounds were not satisfied:
[INFO] [stdout]             `futures_timer::Delay: Iterator`
[INFO] [stdout]             which is required by `&mut futures_timer::Delay: Iterator`
[INFO] [stdout]     = help: items from traits can only be used if the trait is in scope
[INFO] [stdout] help: the following trait is implemented but not in scope; perhaps add a `use` for it:
[INFO] [stdout]     |
[INFO] [stdout] 5   | use futures::FutureExt;
[INFO] [stdout]     |
[INFO] [stdout] 
[INFO] [stdout] 
[INFO] [stdout] error: aborting due to 5 previous errors; 1 warning emitted
[INFO] [stdout] 
[INFO] [stdout] 
[INFO] [stdout] Some errors have detailed explanations: E0432, E0433, E0599.
[INFO] [stdout] 
[INFO] [stdout] For more information about an error, try `rustc --explain E0432`.
[INFO] [stdout] 
[INFO] [stdout] error: aborting due to 5 previous errors; 1 warning emitted
[INFO] [stdout] 
[INFO] [stdout] 
[INFO] [stdout] Some errors have detailed explanations: E0432, E0433, E0599.
[INFO] [stdout] 
[INFO] [stdout] For more information about an error, try `rustc --explain E0432`.
[INFO] [stdout] 
[INFO] [stderr] error: could not compile `crossterm`.
[INFO] [stderr] 
[INFO] [stderr] To learn more, run the command again with --verbose.
[INFO] [stderr] warning: build failed, waiting for other jobs to finish...
[INFO] [stderr] error: build failed
[INFO] running `Command { std: "docker" "inspect" "2ce26f2d16f5c1e33389eac58dc96f71b47d4b3e96e7021db67930cf9c4da6e8", kill_on_drop: false }`
[INFO] running `Command { std: "docker" "rm" "-f" "2ce26f2d16f5c1e33389eac58dc96f71b47d4b3e96e7021db67930cf9c4da6e8", kill_on_drop: false }`
[INFO] [stdout] 2ce26f2d16f5c1e33389eac58dc96f71b47d4b3e96e7021db67930cf9c4da6e8
